ue
Is (-6)/(-33) + 78233175/495 composite?
False
Let d(i) = 884*i**2 - 4*i - 191. Is d(-8) composite?
False
Let a(j) = 4*j**2 - 14*j + 43. Let y be a(9). Let n = -374 - -810. Suppose -x + n = -y. Is x a prime number?
True
Let b(q) = 47*q**2 + 49*q + 949. Is b(-27) a prime number?
True
Let l be -60*(1 - (-12)/(-9)). Let b(i) = i**3 - 17*i**2 + 26*i + 7. Is b(l) composite?
True
Is 297/108 - (-3428725)/20 a prime number?
True
Suppose -202*g - 81506 = -212*g + 613104. Is g composite?
True
Let a(k) = 7565*k + 1113. Is a(10) prime?
False
Is 17/(-102)*609384/(-4) composite?
False
Is 0 + 759038/126*9 composite?
False
Suppose -2*y + 19838 = -3*l + 8170, 2*y + 3*l = 11668. Suppose y = 12*d - 10*d. Is d a prime number?
True
Let c(o) = -o**3 - 102*o**2 - 7*o - 1721. Is c(-107) prime?
False
Let w be 588/116 - (-4)/(-58). Suppose -w*d + 91851 = 12*d. Is d prime?
False
Let j = -87786 - -1828565. Is j a prime number?
True
Suppose 0 = -2*s - 6*t + 4*t + 14, -29 = -2*s + t. Suppose 0 = s*i - 4*i - 20192. Is (4 + i/2)/2 a composite number?
True
Let s(l) = -l**3 + 11*l**2 + 2*l - 14. Let u be s(11). Suppose -t + u = 3*t, 4*t = -5*x + 6093. Is x a composite number?
False
Let f(g) = -4*g - 52. Let q be f(-10). Suppose -5*z - 17 + 2 = 0. Is (-4)/q + (-956)/z a prime number?
False
Suppose 0 = -3*v + 2 + 613. Suppose -4*b - 3*w + 6 + 2554 = 0, 0 = b + 11*w - 599. Suppose -5*y + v = -4*y - 2*k, k - b = -3*y. Is y a composite number?
True
Let r(b) = 135*b**2 - 6*b + 15. Let f be (16/36)/(2/9). Is r(f) prime?
False
Let b(n) = n**3 - 10*n**2 + 12*n + 4. Suppose 0 = -2*m + 29 + 11. Suppose 9 = -o + m. Is b(o) a prime number?
True
Let s = -1915 + 4485. Suppose v = 2*j + 4*v + 2180, 1095 = -j + v. Let a = j + s. Is a composite?
True
Let o(w) = 4002*w**2 - 15*w + 5. Let n = 514 + -510. Is o(n) a composite number?
False
Suppose 20 = 6*d - 16. Suppose -3*z = -d*z + 24. Suppose z*o + 230 = 1422. Is o composite?
False
Let y = -120 - -124. Suppose 0 = -6*l + l - y*p + 11413, -3*l - 3*p = -6846. Is l prime?
False
Let h = 5001 + -4003. Is h a composite number?
True
Suppose 0 = 8*c - 4*c + 3*x - 52303, -65426 = -5*c + 3*x. Is c prime?
False
Let x be (-1 + 0)/(12/(-144)). Suppose -x = -3*n, -4*h = -n - 4*n. Suppose h*q - 2251 - 2904 = 0. Is q composite?
False
Let j(d) = -7*d**2 - d - 6. Let s(t) = t + 1. Let y(q) = -j(q) + s(q). Let u be 6*2*(-14 - (-54)/4). Is y(u) composite?
True
Is 226980 + -9 + 11 + 9 composite?
False
Let c(r) = -20 + 28*r + 5*r**2 - 26 + 70 - 19. Is c(12) prime?
True
Suppose -37780 = -q - f, 14*f - 16*f - 2 = 0. Is q composite?
False
Let v(g) = g**3 - 7*g**2 + 2*g - 6. Let m be v(7). Suppose 17 = 4*d - 7*j + m*j, -2*d - j = -7. Suppose 0 = -3*o + i + 2258, 0*i + d = -i. Is o composite?
False
Let m(d) = -22*d**2 - 18*d - 21. Let q be m(27). Is q*(4/6 - 1) a composite number?
True
Let u(d) = 48*d**3 - 3*d**2 + 2*d + 2. Let q(a) = a**3 - 2*a**2. Let g(y) = -6*q(y) - u(y). Is g(-3) composite?
False
Suppose -4*z + a - 37500 = 0, 6*a - 2*a - 16 = 0. Let o = -5085 - z. Is o composite?
False
Let u(o) = o**3 - 4*o**2 - 2*o - 21. Let t be u(6). Suppose -130440 = -t*d + 15*d. Is d a composite number?
True
Let w(b) = -5*b**3 + 13*b**2 - 85*b + 128. Is w(-39) a composite number?
False
Suppose -10*b - 16 = -14*b. Let u be -1 + 1/(b/56). Suppose 0 = -18*h + u*h + 4555. Is h a composite number?
False
Suppose 4*s + w - 500631 = 0, -62*s + 125169 = -61*s + 4*w. Is s a composite number?
True
Suppose 3967144 = 80*l - 4295976. Is l a composite number?
False
Suppose 0 = 4*d + 4*n + 2748, -4*n = 3*d + 522 + 1544. Let q = d - -2204. Suppose 3*c - 839 = q. Is c prime?
True
Let t be (3/(-24)*6)/(3/(-4164)). Let a = t + 868. Is a prime?
False
Let o(m) = -m**3 + 48*m**2 - 21*m + 127. Suppose 1734*j - 44 = 1733*j. Is o(j) prime?
True
Let i(k) = 5*k + 85. Let b be i(-23). Is 6/(-20)*-2 - 12372/b composite?
True
Let j(y) be the third derivative of y**4/6 + 37*y**3/2 - 6*y**2 + y. Is j(-8) prime?
True
Let y = -128393 + 302292. Is y prime?
False
Let v = -90 + 60. Let l be 1/4 - v/8. Suppose -477 = -l*f + f. Is f composite?
True
Let p(z) = -z**3 + 4*z**2 - 19*z - 15. Let v be p(-30). Suppose -56*i + 71*i = v. Is i a composite number?
True
Let b(y) = 68*y**2 - 4*y + 9. Let i be b(5). Suppose -4*u + i = -2479. Let x = u - 635. Is x composite?
True
Suppose -166 = -2*w - 166. Suppose -2*p - 14*p + 27728 = w. Is p prime?
True
Let o be ((-5)/(-10))/(2/20). Suppose 17221 = 3*t + 4*w, -7*w + 2*w = -o*t + 28760. Is t prime?
False
Let n be (12 + -7)*4/10. Suppose l = -2*o - 0*l + 2416, n*o - 2416 = 3*l. Let m = o + -253. Is m a composite number?
True
Let k be (29 - -104977) + 3*1 - -1. Suppose -5*z + k = m, -20976 = -z - 81*m + 86*m. Is z a composite number?
False
Let k(i) = 4*i - 13. Let g be k(6). Suppose -g*x - 3960 = -9933. Suppose -8*p + 505 = -x. Is p composite?
False
Let t(i) = 12*i + 3691. Let a(s) = 2*s**2 + 23*s - 39. Let k be a(-13). Is t(k) composite?
False
Let s(p) = -60*p + 43. Let r(t) = t**3 + 2*t**2 - 11*t + 2. Let v be r(-5). Is s(v) composite?
False
Suppose s + 4*y - 2*y + 21 = 0, 2 = 2*y. Is 58042/(-16)*-2 - s/(-92) prime?
False
Let b = 221543 - 133612. Is b prime?
True
Let j(u) = -u**2 - 10*u + 12. Let x be j(-11). Let s(a) = 2388*a + 1. Let c be s(x). Let r = -1130 + c. Is r a prime number?
True
Let x(u) = 203*u**2 + 6*u + 27. Is x(4) a composite number?
False
Suppose 3*y - 486631 = 4*p, 4*y + 8*p = 156962 + 491866. Is y a prime number?
True
Let b(s) = 761*s**2 + 35*s + 3. Is b(7) a prime number?
True
Suppose 4*d = 1 - 17, 2*g + 5*d = 40406. Let f = 28726 - g. Is f a prime number?
True
Let w(s) = 324*s - 93 - 252 + 196*s - 90 + 108. Is w(13) a composite number?
True
Let y(w) = -414*w + 139. Suppose 41 - 13 = -7*i. Is y(i) a composite number?
True
Let m(z) be the second derivative of 13*z**4/2 + 5*z**3/3 + 5*z**2/2 - 54*z. Is m(-4) a prime number?
True
Suppose 5*i = -2*l + 3*l - 6, 5*l - 5*i - 130 = 0. Let k(v) = v**2 - 28*v + 25. Is k(l) a prime number?
False
Let u be 7/(-49)*0 - -5. Suppose 0 = u*s - 2*m - 12889, -4*s - 4*m - 2456 = -12784. Is s prime?
True
Suppose -4*a + 40972 = -4*p, 41*p = 3*a + 45*p - 30757. Is a prime?
True
Let w = 31285 - 17256. Is w composite?
False
Is (20 - 20 - -62871) + 16 a composite number?
True
Let l = 20271 - -3936. Is l prime?
False
Let p(b) = -b + 7. Let q be p(5). Suppose q*d = 3*l + 2005, 0 = l - 4*l + 9. Is d composite?
True
Let u(d) = -19724*d - 595. Is u(-4) a composite number?
False
Suppose 2*i + 0*i = 2*s + 76, 0 = -3*s - 12. Let h = -32 + i. Is h/(-9) + 2657/9 prime?
False
Let l(f) = 5*f**3 + 2*f**2 - f - 1. Suppose 3*q + 7 = 4*t + 2*q, 0 = 3*q + 9. Let a be l(t). Suppose 3*z = 2*z - 1, -4*z = -a*n + 2259. Is n a prime number?
False
Suppose 0 = -616*i + 598*i + 120402. Is i composite?
False
Let o(d) = 2*d**3 + 6*d**2 + 7*d + 1. Let t be o(-3). Let p be 964 + t/70 + (-10)/14. Suppose 2*q = -q + p. Is q prime?
False
Let r be -2*(38187/(-6) - (2 + -3)). Let p = r - 5690. Suppose -14*a = -24103 + p. Is a composite?
True
Let n = 1388417 + -815544. Is n a composite number?
True
Let q(l) = -110*l - 230*l + 1 + 87*l. Let h be (2/4)/(-1*(-3)/(-6)). Is q(h) prime?
False
Let k(i) = 11*i**2 + 2*i - 2. Let x be k(-2). Let c = 78 - x. Let b = 1303 - c. Is b prime?
False
Let x(a) be the third derivative of a**6/120 + 19*a**5/60 - 23*a**4/24 + 13*a**3/6 - 14*a**2. Let g be x(-21). Let k = -55 - g. Is k a prime number?
True
Suppose 3*v + 2*i - 847799 = 0, 0 = 149*v - 154*v + 4*i + 1412991. Is v prime?
True
Is ((-17637560)/12)/(((-80)/(-100))/((-6)/5)) composite?
True
Let i(v) = -2*v**2 - 14*v + 4. Suppose -2*m + 0*m - 4 = 2*h, 12 = -4*m - 3*h. Let n be i(m). Is 325/2 - (-8)/n prime?
True
Suppose 158*j = 160*j - 2*r - 227916, 6 = 2*r. Is j a prime number?
False
Let b(z) = 40*z**2 + 17*z - 5. Let l(x) = -19*x**2 - 9*x + 2. Let r(q) = 3*b(q) + 5*l(q). Is r(-6) a composite number?
False
Let t(l) = -l**2 + 3*l + 1. Let b be t(2). Let f = -3 + b. Suppose -3*x + 9027 = -f*x - 3*y, 0 = 2*x + 3*y - 6008. Is x prime?
False
Suppose 4*u - 3498689 = -5*v - 1029050, 4*u - 2469625 = -3*v. Is u a prime number?
True
Is (136/(-22) + 6)/(8/(-290356)) composite?
False
Let h(x) = -x**3 + 13*x + 23. Let a be h(-2). Suppose b - 8568 = -5*m, a*m = 3*b - 32650 + 7006. Is b a prim